hat is 133422 + -2?
133420
In base 10, what is -1 - 9761?
-9762
In base 15, what is -25 + 52d?
508
In base 3, what is 101121 - 11?
101110
In base 4, what is 220030 - -31?
220121
In base 13, what is -122c0 - 4?
-122c4
In base 2, what is 100 - -10000110101000?
10000110101100
In base 11, what is 17 - -13790?
137a7
In base 12, what is 62a - -130?
75a
In base 4, what is -11 - -11211203?
11211132
In base 3, what is 0 - -12200000?
12200000
In base 6, what is -333210 + -11?
-333221
In base 14, what is -5 + -4b249?
-4b250
In base 13, what is 9 + -2415b?
-24152
In base 12, what is 14 - 2994?
-2980
In base 7, what is -23 - 242013?
-242036
In base 7, what is -53111 + 25?
-53053
In base 4, what is -10 - 1021033201?
-1021033211
In base 13, what is 3178 - 7?
3171
In base 8, what is -7347 - 225?
-7574
In base 9, what is 7 - -7270?
7277
In base 9, what is 82 - -1117?
1210
In base 12, what is 961 - 372?
5ab
In base 5, what is -1220304 - 3?
-1220312
In base 6, what is -5 + -12055?
-12104
In base 3, what is 1202111 - -1202?
1211020
In base 6, what is -305513 - 10?
-305523
In base 2, what is -110 - 111001001010?
-111001010000
In base 10, what is 1 - 25693?
-25692
In base 10, what is 1273 + 172?
1445
In base 6, what is -1004234 - 3?
-1004241
In base 14, what is 20404c - 1?
20404b
In base 11, what is 3 + 1338a?
13392
In base 5, what is 0 - -30101?
30101
In base 6, what is 12 - 43522?
-43510
In base 11, what is 33 + -a6?
-73
In base 9, what is -126 - 31?
-157
In base 9, what is -165323 + 4?
-165318
In base 14, what is -12acc7 - 2?
-12acc9
In base 14, what is 40d81 + -5?
40d7a
In base 3, what is 1111012 + -1210?
1102102
In base 14, what is 1a9 - -32?
1db
In base 8, what is 3 + -3522?
-3517
In base 12, what is -2630 + 18?
-2614
In base 9, what is 5 + 226185?
226201
In base 16, what is 120 - 346?
-226
In base 8, what is 16 + -326231?
-326213
In base 6, what is -213143 + 151?
-212552
In base 14, what is 2d8c - -9?
2d97
In base 15, what is 23c - -6c?
2a9
In base 11, what is 51 - -14200?
14251
In base 5, what is -240 + 124?
-111
In base 14, what is -10 - -549b?
548b
In base 12, what is -12 - -931a?
9308
In base 4, what is -10100 - 222?
-10322
In base 11, what is aa170 - 1?
aa16a
In base 12, what is -a3 + 708a?
6ba7
In base 16, what is 2 + af4?
af6
In base 9, what is 18004 - 17?
17876
In base 14, what is -2 + -82a?
-82c
In base 3, what is 1202010 - 210101?
221202
In base 15, what is -8c + 18a?
ed
In base 9, what is 48 - -1614?
1663
In base 9, what is -5417227 - -4?
-5417223
In base 2, what is -11000100100110100 - 10?
-11000100100110110
In base 16, what is 640 - 4c?
5f4
In base 5, what is 400 + -12003?
-11103
In base 7, what is -1 - 1021452?
-1021453
In base 9, what is 75641 - -1?
75642
In base 3, what is 121010100 + -1?
121010022
In base 3, what is 12212221201 - -10?
12212221211
In base 10, what is 2 - 41?
-39
In base 13, what is -7 + -4761?
-4768
In base 6, what is -4 - 43122231?
-43122235
In base 4, what is 123211 + 12033?
201310
In base 4, what is 101 + 1012132132?
1012132233
In base 9, what is 5 + 60123?
60128
In base 9, what is -5 + -2204538?
-2204544
In base 8, what is 142 + 236?
400
In base 14, what is 5 - c834?
-c82d
In base 4, what is -10 - 111310311?
-111310321
In base 13, what is 13 + -7391?
-737b
In base 14, what is 8 + 1db2?
1dba
In base 11, what is -2 + 34932?
34930
In base 5, what is 14 + 32000?
32014
In base 10, what is -60 + 1765?
1705
In base 14, what is 43 - -11b59?
11b9c
In base 3, what is 1222 + -20120202011?
-20120200012
In base 14, what is -11 + 919c?
918b
In base 9, what is -63 + 136220?
136146
In base 13, what is 2453 - -38?
248b
In base 7, what is -3 - 1356335?
-1356341
In base 15, what is -c3 + -224?
-2e7
In base 12, what is -1 - -253191?
253190
In base 10, what is -10333 - -17?
-10316
In base 16, what is 90b25 + 2?
90b27
In base 14, what is -1c756 - 9?
-1c761
In base 4, what is -23 - -12313220?
12313131
In base 6, what is 252045 + -3?
252042
In base 4, what is 310 - -31231?
32201
In base 8, what is -22501 - 316?
-23017
In base 10, what is -113 + 59?
-54
In base 6, what is -1323 + -200?
-1523
In base 6, what is 1 - 3323554?
-3323553
In base 15, what is -a314 - -4?
-a310
In base 8, what is 43 - 222?
-157
In base 12, what is -189 + 7b?
-10a
In base 9, what is 1 + 316738?
316740
In base 15, what is -1 - 2ed81?
-2ed82
In base 5, what is -340 + -20120?
-21010
In base 13, what is c552 - -4?
c556
In base 4, what is -113 - -213113322?
213113203
In base 5, what is -11330134 - -32?
-11330102
In base 16, what is c - -f44?
f50
In base 4, what is 3333133 + -2022?
3331111
In base 16, what is -6986 - -9a?
-68ec
In base 10, what is -456591 + 3?
-456588
In base 10, what is 36073 + 3?
36076
In base 5, what is 2 + -422333?
-422331
In base 13, what is 2 + -91c6?
-91c4
In base 9, what is 1254 - -24?
1278
In base 8, what is 0 + 1325050?
1325050
In base 11, what is 39147 - 0?
39147
In base 12, what is -5 + -5818?
-5821
In base 11, what is -13a + 29a?
160
In base 10, what is 4 - 104357?
-104353
In base 8, what is -1125223 - -11?
-1125212
In base 13, what is -2 + -118a70?
-118a72
In base 5, what is -41111 - 340?
-42001
In base 9, what is 4 - -274?
278
In base 9, what is -5 - 3314?
-3320
In base 8, what is 3050 - -21?
3071
In base 5, what is -2140 - -11024?
3334
In base 11, what is 449 - 5a9?
-160
In base 12, what is -5 - 15b49?
-15b52
In base 5, what is -103 + 131411?
131303
In base 12, what is -647 + -286?
-911
In base 6, what is -13541441 + -5?
-13541450
In base 7, what is 4 + -654563?
-654556
In base 11, what is 1 - -32a1a8?
32a1a9
In base 9, what is 3 + 22074?
22077
In base 6, what is -453 + -35?
-532
In base 9, what is 762 - 81?
671
In base 9, what is 128 + 1053?
1182
In base 16, what is 4 - 3277f?
-3277b
In base 6, what is 35 - 342030?
-341551
In base 10, what is -30605 - 9?
-30614
In base 16, what is -3 - 40ad?
-40b0
In base 6, what is -2 - 453202?
-453204
In base 5, what is 3 + -21303331?
-21303323
In base 6, what is -1 + -143353?
-143354
In base 11, what is 4 - 35705?
-35701
In base 16, what is 51483 + -5?
5147e
In base 11, what is -100892 + -1?
-100893
In base 3, what is -111212 - -10110?
-101102
In base 11, what is -186 - 66?
-241
In base 8, what is 4402 + 265?
4667
In base 8, what is -2641 - -44?
-2575
In base 3, what is -2 - -1020122201?
1020122122
In base 8, what is 562 - 7650?
-7066
In base 3, what is 20221010002 - -2?
20221010011
In base 5, what is 2 - 40340100?
-40340043
In base 11, what is -4804764 - 4?
-4804768
In base 13, what is b + -1c61b?
-1c610
In base 3, what is 222210002021 - 10?
222210002011
In base 8, what is 44226 + -34?
44172
In base 7, what is 1124 - 2606?
-1452
In base 13, what is -22 - -220b?
21b9
In base 8, what is -7445 + -43?
-7510
In base 13, what is 4a0b + 1?
4a0c
In base 13, what is -1b9b + -c2?
-1c90
In base 4, what is -31211110032 - -10?
-31211110022
In base 13, what is -4 + -c192?
-c196
In base 6, what is 234 + 10312?
10550
In base 8, what is -12776 - -3?
-12773
In base 2, what is -1000010100011010110110 - 100?
-1000010100011010111010
In base 10, what is 12 - -3939?
3951
In base 3, what is -2210 - 211110?
-221020
In base 12, what is 24 - 126a0?
-12678
In base 16, what is 31 - -2d49?
2d7a
In base 7, what is 105 - -1520?
1625
In base 3, what is 10 - -100210021?
100210101
In base 4, what is 333032 - -30?
333122
In base 9, what is 214486 + -11?
214475
In base 6, what is 2545 + 104?
3053
In base 12, what is -b24 + -38?
-b60
In base 10, what is -1980 - -7?
-1973
In base 15, what is 73101 + 0?
73101
In base 8, what is -451603 + 2?
-451601
In base 7, what is -50033 - -15?
-50015
In base 12, what is -2 - 6624?
-6626
In base 12, what is -456 + -4?
-45a
In base 4, what is -20100 + -3023?
-23123
In base 6, what is -42 - 125120?
-125202
In base 16, what is 234e2 + -4?
234de
In base 7, what is -103 + -111401?
-111504
In base 16, what is a6 + 5369?
540f
In base 4, what is 2203020022 - 11?
2203020011
In base 15, what is 2217 + 21?
2238
In base 12, what is 2773 - 1?
2772
In base 13, what is -16680 - -8?
-16675
In base 15, what is -2 + 4dcd?
4dcb
In base 7, what is -6 - -133044?
133035
In base 15, what is -1bdb + -7?
-1be3
In base 11, what is 2 - 8445?
-8443
In base 9, what is -13551 - -5?
-13545
In base 5, what is -4 - -410211?
410202
In base